{"id":59,"date":"2022-07-07T16:31:28","date_gmt":"2022-07-07T14:31:28","guid":{"rendered":"https:\/\/vrtecpriosjursinci.splet.arnes.si\/?page_id=59"},"modified":"2025-08-30T10:03:24","modified_gmt":"2025-08-30T08:03:24","slug":"sodelovanje-s-starsi","status":"publish","type":"page","link":"https:\/\/www.vrtec-osjursinci.si\/?page_id=59","title":{"rendered":"Sodelovanje s star\u0161i"},"content":{"rendered":"\n<p>Sodelovanje med vrtcem in star\u0161i je pomembna plat kakovosti pred\u0161olske vzgoje. Star\u0161i imajo pravico sodelovati pri na\u010drtovanju \u017eivljenja in dela v vrtcu in oddelku in po dogovoru z vzgojiteljem sodelovati pri vzgojnem delu, ob tem pa spo\u0161tovati strokovno avtonomnost vrtca. Pomembno je tudi, da vrtec star\u0161em zagotovi postopno uvajanje otroka v vrtec.<\/p>\n\n\n\n<p><\/p>\n\n\n\n<p class=\"has-vivid-purple-color has-text-color has-medium-font-size\"><u><strong>V \u0161olskem letu 2025\/2026 bo potekalo sodelovanje s star\u0161i preko:\u00a0<\/strong><\/u><\/p>\n\n\n<div class=\"wp-block-image\">\n<figure class=\"alignright size-full is-resized\"><img loading=\"lazy\" decoding=\"async\" width=\"241\" height=\"209\" src=\"https:\/\/www.vrtec-osjursinci.si\/files\/2022\/09\/RS-1.jpg\" alt=\"\" class=\"wp-image-604\" style=\"width:269px;height:233px\" \/><\/figure>\n<\/div>\n\n\n<p>\u2013 roditeljskih sestankov (skupni in po skupinah),<\/p>\n\n\n\n<p>&#8211; govorilnih ur,<\/p>\n\n\n\n<p>\u2013 skupnih sre\u010danj z otroki,<\/p>\n\n\n\n<p>\u2013 telefona ali emaila.<\/p>\n\n\n\n<p><\/p>\n\n\n\n<p><\/p>\n\n\n\n<p><\/p>\n\n\n\n<p><\/p>\n\n\n\n<p>V povezavi s \u0161olo deluje svet star\u0161ev: Star\u0161i izvolijo svoje predstavnike iz vsakega oddelka, en predstavnik vrtca pa je \u010dlan sveta zavoda.<\/p>\n\n\n\n<p><\/p>\n\n\n\n<p class=\"has-text-align-center has-vivid-purple-color has-text-color has-medium-font-size\"><strong>GOVORILNE URE<\/strong><\/p>\n\n\n\n<p class=\"has-text-align-center has-medium-font-size\"><u>Vsak prvi \u010detrtek v mesecu od 16.30 do 17.30 ure, v igralnici katero obiskuje otrok.<\/u><\/p>\n","protected":false},"excerpt":{"rendered":"<p>Sodelovanje med vrtcem in star\u0161i je pomembna plat kakovosti pred\u0161olske vzgoje. Star\u0161i imajo pravico sodelovati pri na\u010drtovanju \u017eivljenja in dela v vrtcu in oddelku in po dogovoru z vzgojiteljem sodelovati [&hellip;]<\/p>\n","protected":false},"author":91695,"featured_media":0,"parent":0,"menu_order":0,"comment_status":"closed","ping_status":"closed","template":"","meta":{"ngg_post_thumbnail":0,"footnotes":""},"class_list":["post-59","page","type-page","status-publish","hentry"],"_links":{"self":[{"href":"https:\/\/www.vrtec-osjursinci.si\/index.php?rest_route=\/wp\/v2\/pages\/59","targetHints":{"allow":["GET"]}}],"collection":[{"href":"https:\/\/www.vrtec-osjursinci.si\/index.php?rest_route=\/wp\/v2\/pages"}],"about":[{"href":"https:\/\/www.vrtec-osjursinci.si\/index.php?rest_route=\/wp\/v2\/types\/page"}],"author":[{"embeddable":true,"href":"https:\/\/www.vrtec-osjursinci.si\/index.php?rest_route=\/wp\/v2\/users\/91695"}],"replies":[{"embeddable":true,"href":"https:\/\/www.vrtec-osjursinci.si\/index.php?rest_route=%2Fwp%2Fv2%2Fcomments&post=59"}],"version-history":[{"count":15,"href":"https:\/\/www.vrtec-osjursinci.si\/index.php?rest_route=\/wp\/v2\/pages\/59\/revisions"}],"predecessor-version":[{"id":3905,"href":"https:\/\/www.vrtec-osjursinci.si\/index.php?rest_route=\/wp\/v2\/pages\/59\/revisions\/3905"}],"wp:attachment":[{"href":"https:\/\/www.vrtec-osjursinci.si\/index.php?rest_route=%2Fwp%2Fv2%2Fmedia&parent=59"}],"curies":[{"name":"wp","href":"https:\/\/api.w.org\/{rel}","templated":true}]}}